1 + 0 - -5).
1
What is the value of (-2 - -6) + -2 + (-25 - -26)?
3
What is (-1 - (6 - 9)) + 0 + -1?
1
1 - 2 - (6 - 0 - 2)
-5
0 + -8 + 12 + -6
-2
Evaluate (-23 - -20) + (-3 - -2) + 0.
-4
What is the value of (6 - -1 - 6) + 3 + 0?
4
What is 4 - ((-12 - -22) + 2)?
-8
Evaluate 1 + 0 + (-1 - (-2 - 1)).
3
Calculate 1 + 11 + -6 + -4 + 4.
6
What is the value of -15 - 1 - (-40 + 30)?
-6
Calculate -4 + (5 + -1 - (0 - 2)).
2
What is 2 + -4 + (1 - -1 - -2)?
2
Calculate -3 + (3 - (2 + (-3 - -2))).
-1
Calculate (-1 - 1) + (2 - 1) + -1.
-2
What is -15 + 5 - (-3 - (6 + -3))?
-4
2 - 1 - -5 - (60 - 60)
6
What is -3 + (-10 - (-20 - -6))?
1
What is 11 - (12 - (11 + -5))?
5
Evaluate -1 - -10 - ((2 - 1) + 3).
5
Calculate (-1 + -3 - 1) + 4.
-1
What is (-2 - 0) + (8 - (4 + -4))?
6
Evaluate (-5 - (-4 - -4 - 3)) + -1.
-3
What is the value of -9 + 18 + -8 + 5?
6
Evaluate -1 + -4 - (4 + -2 - 7).
0
What is the value of 3 + (1 - 7) + (-22 - -22)?
-3
What is -11 - (-6 + 2 + 0 + -1)?
-6
Evaluate (5 - 1) + (3 - (7 - -4)).
-4
What is the value of -2 + 18 + -14 + -2 + 1?
1
What is (-11 - -5) + 5 + 10?
9
Evaluate -1 + (4 + 4 - 4).
3
Calculate 2 + 2 + 0 + -8.
-4
Calculate -5 + (3 - 1) + (10 - 6).
1
What is the value of (-6 + 2 - -2) + (0 - -4)?
2
What is (-7 - -1) + 4 - -1 - -6?
5
Evaluate -41 - -40 - (2 - (-2 - 0)).
-5
What is the value of -3 + (-6 + 3 + 12 - 8)?
-2
What is the value of 0 - 2 - -20 - 6 - 6?
6
Calculate 2 + -1 + -1 - (6 - 3).
-3
Calculate (3 - (12 + 2)) + (-15 - -24).
-2
10 + -7 + -2 + -5
-4
Evaluate -3 + (-4 - 0) + 0.
-7
Evaluate 1 + -11 + 4 - -11.
5
Evaluate 2 + (5 - 3) + (-1 - -2).
5
What is 9 + -3 + 8 + (8 - 15)?
7
What is -4 + 10 + 1 + -2?
5
-2 - (6 - 0 - 2 - 2)
-4
What is -320 + 320 + -1 + -10?
-11
5 + (-6 - (0 - (1 - -4)))
4
Calculate (-14 + 2 - -1) + (4 - 2).
-9
(3 + 1 - 4) + 4 + -3
1
What is the value of (-7 - (0 + (4 - 8))) + -2?
-5
What is the value of 7 - (-3 + 12 + 0 + 2)?
-4
What is 81 + -86 - (-1 - -2)?
-6
Calculate 4 + -8 - -11 - -1.
8
53 - 57 - (-1 + 0 - 1)
-2
Evaluate 6 - (-5 + -5 + (1 - -23)).
-8
What is the value of (3 - -1) + -19 + 20 + 3?
8
Calculate -2 - -1 - (3 - 4).
0
(-2 - -10) + -5 + (0 - 4)
-1
-6 + (1 - -2) - 0
-3
Evaluate -4 + (-12 + 10 - (1 + -2)).
-5
0 + 2 - (-3 + 7)
-2
Evaluate 2 - (-3 + (3 - 0)).
2
What is the value of 1 + -4 + -2 + 5 + 4?
4
-1 + 7 - (7 - 5 - 1)
5
Evaluate -3 - (-7 - (-1 + -3)).
0
What is -6 + 24 + -9 - 15?
-6
What is the value of -4 + 12 + -11 - 6?
-9
Evaluate 5 + -15 - (-3 + -1).
-6
What is -14 + 4 + (1 - -13)?
4
What is the value of -1 - -7 - (4 - -1)?
1
What is 3 - (4 + -3 + -3)?
5
0 + -3 - (7 + -8)
-2
What is the value of -14 - -11 - (-4 - (-3 + 4))?
2
Calculate 3 + -1 + (-1 - 0) + 0.
1
Calculate -1 + 3 + -1 + 0 + 2.
3
What is -15 + 22 + -4 + 2?
5
Evaluate 5 + 2 - (-21 - -26).
2
What is the value of 1 + -6 + 10 + 0 + -1?
4
Calculate 0 + 6 + (4 - 14).
-4
0 - (-3 - -2) - 2
-1
-1 - 2 - (-3 - -6 - 5)
-1
-1 + -4 + -11 + 9 - 1
-8
What is the value of -2 - (0 + 0 + -1 + 3)?
-4
Evaluate (-5 - (5 - 8)) + 4.
2
What is 30 - 21 - (3 - -1) - 2?
3
What is (-16 - -15 - (2 + 6)) + 6?
-3
Calculate -10 + 7 + -1 + (4 - -2).
2
-12 + (1 - -7) + (3 - 1)
-2
What is -4 + 3 - (-2 + (7 - 2))?
-4
What is the value of -1 + -2 + -1 + 1?
-3
What is 11 - (2 + -5 + 7)?
7
Calculate -2 + 16 + -1 + -8.
5
Calculate -10 - (4 - -4 - 25).
7
What is -2 - -4 - -10 - 5 - 5?
2
What is 0 - (-6 + (2 - 3) - -10)?
-3
Evaluate -1 + (1 - -4) + -5.
-1
What is the value of -49 + 50 + (-5 - (1 - 0))?
-5
What is -1 - (7 - 9 - (-1 + -1))?
-1
Evaluate 10 - 33 - -10 - -18.
5
8 - (-3 - (-8 + 0))
3
Calculate -1 - (0 - (2 + -2)).
-1
1 + (-7 - -4) + 1 + 2
1
22 + -22 + (0 - 1 - -4)
3
-2 + -2 + 11 + -2
5
Calculate 0 - ((9 - 3) + -1 + -2).
-3
1 - -2 - (9 - 1)
-5
Evaluate (2 - (5 - 3)) + (-2 - -4).
2
What is -10 + 16 - (0 - -2)?
4
Calculate 2 + 1 - 7 - 2.
-6
(-2 - 6) + 2 + 1 + -1
-6
6 - (-11 - -14 - (-2 - -1))
2
Calculate -11 + (10 - (-8 + 7)).
0
Evaluate -1 - 0 - (19 - 10) - -3.
-7
Evaluate 6 + 0 + -5 + 1.
2
What is 0 - (-3 - -7 - 6)?
2
What is -4 + 4 + 5 - 6?
-1
Evaluate -1 + 3 + (5 + -5 - 2).
0
Evaluate (10 - (8 - 3)) + -2 + -6.
-3
Evaluate 1 + 5 + 1 + -6 + -4.
-3
What is -8 + (5 - -3) + -8?
-8
What is the value of (3 - (6 - 1)) + -3?
-5
What is -4 + (0 - -2 - 2)?
-4
What is the value of -1 + 8 + -10 + (17 - 6)?
8
115 - 111 - (1 + (1 - 2))
4
23 + -19 + (-1 - 1)
2
Calculate 31 + -33 + (2 - 9) - -14.
5
-1 + -12 + 6 - -4
-3
What is the value of 0 + 0 + -2 - (-31 + 35)?
-6
7 + (-5 + 5 - (11 - 3))
-1
Calculate (-3 - (-10 + 5)) + 0.
2
What is (84 - 85) + (7 - -1)?
7
Calculate 0 + -2 + 3 + -2 - 0.
-1
Evaluate 7 + (6 - 0) + -13.
0
Calculate 3 + 1 + 0 + -1.
3
1 + (-3 - (-2 - -4) - -9)
5
What is -4 + (-2 - -5) - (4 - 6)?
1
What is -7 + -2 + 7 + 4?
2
What is 12 - 10 - (1 - -1)?
0
Calculate -4 + -2 + 3 + -1.
-4
Evaluate -2 - -2 - (-1 - (-4 - -8)).
5
9 + 12 + (5 - 30)
-4
Calculate -4 + (-1 - (0 + (-3 - 0))).
-2
Evaluate (0 - 0) + 5 - 3.
2
Calculate 2 + (-5 - -3) + (-2 - 1).
-3
What is the value of 8 + -1 - (-27 + 34)?
0
-6 - 2 - (-8 + 4)
-4
1 - (18 + -14 - (7 + -1))
3
Calculate (-16 - -4) + -1 + 15.
2
-3 - (-2 + (2 - 5))
2
Evaluate 3 - -1 - (6 - 0).
-2
What is 2 - -1 - 1 - (0 - 1)?
3
Calculate -1 - -1 - (-1 - 1 - -4).
-2
What is -3 - (-5 - (0 - 3)) - 4?
-5
What is -2 + -7 - (9 - 4 - 10)?
-4
Calculate -5 + 10 + -7 - (-4 + 8).
-6
-5 + 4 + 24 + -16
7
5 + 0 + (2 - (3 + -1))
5
3 + 1 + -15 + 12
1
What is 0 + 0 + 4 + -3?
1
What is 1 - (-6 - -6) - (6 - 2)?
-3
Evaluate -5 + 10 + -27 + 20.
-2
2 + -7 + (0 - (-2 - -2))
-5
What is -2 + 1 + -1 + (-1 - 5)?
-8
What is -4 + 0 + 16 + -7?
5
Evaluate -4 + (15 - (-8 + 20)).
-1
What is (-2 - -4 - 7) + 6?
1
Evaluate -12 - (1 + -2 + -12).
1
What is the value of 4 + (-17 - (-17 + 8))?
-4
What is (2 - 0) + (10 - (-8 + 22))?
-2
-2 + 1 + 0 + -2
-3
Calculate -9 + (5 - -3) - -2.
1
Evaluate 1 + -3 + 5 + -3 + 1.
1
What is (-10 - -2) + -10 + 10 - -4?
-4
-1 + 2 + (-5 - (-3 - -4))
-5
(2 - -3 - 6) + 1 + 1
1
What is 6 - (-49 - -41 - (-3 - 1))?
10
What is -6 + 14 + -9 + 6?
5
Evaluate -6 + -5 + 4 - -3.
-4
What is the value of -4 - -13 - (-8 + 14)?
3
Calculate 0 + -2 + 8 + -9 - -3.
0
Evaluate -2 + -5 + 2 + 0.
-5
11 + (-7 - -3) + -3 + 0
4
(-3 - 3) + 2 + 4 + -2
-2
-14 + 6 + 8 - 7
-7
What is 16 - 5 - 6 - (6 - -4)?
-5
What is -10 + -1 + 8 + 5?
2
What is the value of 1 + (5 - 2) + 0 + -9?
-5
Calculate 14 + 2 + (32 - 43).
5
Evaluate -3 + 0 - (-3 - -2).
-2
What is -2 + 9 + -3 + -5?
-1
-5 + -2 + 3 - -9 - 12
-7
Evaluate -3 + -2 + (12 - 19) + 17.
5
Evaluate (0 - -11 - 16) + 10 + -1.
4
Calculate (-10 - -17) + 0 + -3.
4
What is the value of -21 + (7 - 2) - (4 + -12)?
-8
(-8 - -1) + 7 + 0
0
Calculate 5 + 0 - (7 - (5 + 1)).
4
7 - ((3 - -1 - 2) + 1)
4
Calculate 7 + -1 - (4 + (6 - 9)).
5
Calculate (3 - 4) + (3 - 3).
-1
-6 + -2 + 0 + 10
2
3 - (9 + (-5 - -1) + -4)
2
Calculate -5 + (-1 + 3 - -1 - -3).
1
What is 3 - 6 - -2 - -1?
0
Calculate 1 - (1 - 0) - (2 + -5).
3
What is the value of -2 + 1 - (1 - 5)?
3
What is -16 + 20 + (0 - 6)?
-2
Evaluate 5 + -6 + (-7 - -8).
0
Evaluate -3 + 1 + (4 - 7).
-5
What is (-1 - (-3 + -10)) + -22?
-10
What is the value of -7 - (5 + -11 + 5 - -3)?
-9
Calculate -4 - ((2 - 11) + -1).
6
Evaluate -7 + (-7 + -2 - -18).
2
What is the value of 9 - ((6 - 6) + 5)?
4
Calculate 1 + (0 - (-1 + 2 + 2)).
-2
-4 + 1 + (-4 - (-8 + -2))
3
What is the value of 5 - -2 - 16 - -4?
-5
What is (2 - 1) + -11 - (3 + -5)?
-8
-3 - (1 - 4 - 2)
2
What is -3 + 3 + -3 - (-3 + 4)?
-4
What is 0 + 0 - (-21 - -18 - -5)?
-2
Evaluate 3 + (-6 - (-1 + 1)) + 1.
-2
What is -27 - -29 - (0 - 3)?
5
What is 4 - -9 - (-8 - -4 - -11)?
6
What is -11 + 4 + (9 - (1 - -2))?
-1
What is -4 - 1 - (9 - 11)?
-3
Evaluate (-2 - 0) + (-21 - -17).
-6
What is 8 - (-5 - (-1 + -7))?
5
What is the value of 9 - (2 - (-11 - -6))?
2
Calculate 0 + 1 + 4 + -11.
-6
Calculate -18 + -3 + 22 + -10.
-9
Evaluate 3 + 0 - (166 - 156).
-7
What is 4 + (-11 - -6) + 2?
1
What is the value of (1 + 0 - 4) + 7?
4
What is the value of 94 + -78 + -7 + -2?
7
Evaluate -2 + (6 - (5 + -2)).
1
What is 5 + -11 + 2 - (1 - 13)?
8
What is the value of -3 - (-8 + 1 + 3 - 1)?
2
What is (0 - (-9 + 2)) + (5 - 9)?
3
What is 22 + -37 + -5 + 16?
-4
What is 14 + -1 + -2 + -2?
9
What is (-3 - (-3 + 1 + 2)) + 6?
3
Evaluate 2 - (6 - 9) - (1 + 1).
3
(-1 - 0) +